{"id":3855,"date":"2024-02-28T20:18:01","date_gmt":"2024-02-28T20:18:01","guid":{"rendered":"https:\/\/mexitrips.com\/?page_id=3855"},"modified":"2025-03-06T14:46:35","modified_gmt":"2025-03-06T14:46:35","slug":"home","status":"publish","type":"page","link":"https:\/\/mexitrips.com\/","title":{"rendered":"Home"},"content":{"rendered":"<div  class=\"one fullwidth \"><\/div>\n<div  class=\"one withsmallpadding ppb_team_column\" >\n<div class=\"page_content_wrapper page_main_content sidebar_content full_width fixed_column photoframe\"><\/div>\n<\/div>\n<div  class=\"one withsmallpadding ppb_tour_search\">\n<div class=\"standard_wrapper\">\n<div class=\"page_content_wrapper\">\n<div class=\"inner\">\n<form id=\"tour_search_form\" class=\"tour_search_form\" method=\"get\" action=\"\">\n<div class=\"tour_search_wrapper\">\n<div class=\"one_fourth themeborder\">\n    \t\t<input id=\"keyword\" name=\"keyword\" type=\"text\" autocomplete=\"off\" placeholder=\"Destination, city\"\/><br \/>\n    \t\t<span class=\"ti-search\"><\/span><\/p>\n<div id=\"autocomplete\" class=\"autocomplete\" data-mousedown=\"false\"><\/div>\n<\/p><\/div>\n<div class=\"one_fourth themeborder\"><select id=\"month\" name=\"month\"><option value=\"\">Any Month<\/option><option value=\"january\">January<\/option><option value=\"february\">February<\/option><option value=\"march\">March<\/option><option value=\"april\">April<\/option><option value=\"may\">May<\/option><option value=\"june\">June<\/option><option value=\"july\">July<\/option><option value=\"august\">August<\/option><option value=\"september\">September<\/option><option value=\"october\">October<\/option><option value=\"november\">November<\/option><option value=\"december\">December<\/option><\/select><br \/>\n    \t\t<span class=\"ti-calendar\"><\/span>\n    \t<\/div>\n<div class=\"one_fourth themeborder\"><select id=\"sort_by\" name=\"sort_by\"><option value=\"date\">Sort By Date<\/option><option value=\"price_low\">Price Low to High<\/option><option value=\"price_high\">Price High to Low<\/option><option value=\"name\">Sort By Name<\/option><option value=\"popular\">Sort By Popularity<\/option><option value=\"review\">Sort By Review Score<\/option><\/select><br \/>\n    \t\t<span class=\"ti-exchange-vertical\"><\/span>\n    \t<\/div>\n<div class=\"one_fourth last themeborder\">\n    \t\t<input id=\"tour_search_btn\" type=\"submit\" class=\"button\" value=\"Search\"\/>\n    \t<\/div>\n<p><br class=\"clear\"\/><\/p>\n<div class=\"tour_advance_search_wrapper\">\n<div class=\"one_fourth themeborder\"><select id=\"tourcat\" name=\"tourcat\"><option value=\"\">All Categories<\/option><option value=\"mountain\">Mountain<\/option><option value=\"rural\">Rural<\/option><option value=\"snow-ice\">Snow &amp; Ice<\/option><option value=\"wildlife\">Wildlife<\/option><\/select><br \/>\n\t    \t\t<span class=\"ti-angle-down\"><\/span>\n\t    \t<\/div>\n<div class=\"one_fourth themeborder\"><select id=\"destination_id\" name=\"destination_id\"><option value=\"\">Any Destinations<\/option><option value=\"4261\">Canc\u00fan<\/option><option value=\"287\">CDMX<\/option><option value=\"3811\">Cozumel<\/option><option value=\"3814\">Isla Mujeres<\/option><option value=\"3825\">Nado con Delfines<\/option><option value=\"3641\">Oaxaca<\/option><option value=\"3695\">Puebla<\/option><option value=\"291\">Riviera Maya<\/option><option value=\"3639\">Yucat\u00e1n<\/option><\/select><br \/>\n\t    \t\t<span class=\"ti-angle-down\"><\/span>\n\t    \t<\/div>\n<div class=\"one_fourth themeborder\">\n\t    \t\t<input id=\"budget\" name=\"budget\" type=\"text\" placeholder=\"Max budget ex. 500\"\/><br \/>\n\t    \t\t<span>$<\/span>\n\t    \t<\/div>\n<\/div>\n<\/div>\n<div class=\"tour_advance_search_wrapper_link\"><a id=\"tour_advance_search_toggle\" href=\"javascript:;\" class=\"theme_link_color\"><span class=\"icon ti-angle-down\"><\/span>Advanced Search<\/a><\/div>\n<\/p><\/div>\n<\/form>\n<\/div>\n<\/div>\n<\/div>\n<div  class=\"ppb_destination_metro one nopadding \" style=\"margin-top:-10px;\" >\n<div class=\"page_content_wrapper page_main_content sidebar_content full_width fixed_column\">\n<div class=\"standard_wrapper\">\n<div id=\"174127239522247246\" class=\"portfolio_filter_wrapper gallery grid metro portrait four_cols\" data-columns=\"4\">\n<div class=\"element grid center classic4_cols double_size animated1\">\n<div class=\"one_fourth gallery4 double_size grid static filterable portfolio_type themeborder\" style=\"background-image:url(https:\/\/mexitrips.com\/wp-content\/uploads\/2023\/05\/jorge-fernandez-salas-Hu7M5M2SU94-unsplash-960x636.jpg);\">\n<div class=\"ppb_background_overlay light\"><\/div>\n<p><a class=\"tour_image\" href=\"https:\/\/mexitrips.com\/index.php\/destination\/riviera-maya\/\"><\/a><\/p>\n<div class=\"portfolio_info_wrapper\">\n<div class=\"portfolio_info_content\">\n<h3>Riviera Maya<\/h3>\n<\/div>\n<\/div>\n<\/div>\n<\/div>\n<div class=\"element grid center classic4_cols animated2\">\n<div class=\"one_fourth gallery4 grid static filterable portfolio_type themeborder\" style=\"background-image:url(https:\/\/mexitrips.com\/wp-content\/uploads\/2023\/05\/pexels-ali-alcantara-11576792-700x466.jpg);\">\n<div class=\"ppb_background_overlay light\"><\/div>\n<p><a class=\"tour_image\" href=\"https:\/\/mexitrips.com\/index.php\/destination\/yucatan\/\"><\/a><\/p>\n<div class=\"portfolio_info_wrapper\">\n<div class=\"portfolio_info_content\">\n<h3>Yucat\u00e1n<\/h3>\n<\/div>\n<\/div>\n<\/div>\n<\/div>\n<div class=\"element grid center classic4_cols animated3\">\n<div class=\"one_fourth gallery4 grid static filterable portfolio_type themeborder\" style=\"background-image:url(https:\/\/mexitrips.com\/wp-content\/uploads\/2023\/05\/elesban-landero-berriozabal-ACQmpRYafPg-unsplash-700x466.jpg);\">\n<div class=\"ppb_background_overlay light\"><\/div>\n<p><a class=\"tour_image\" href=\"https:\/\/mexitrips.com\/index.php\/destination\/cozumel\/\"><\/a><\/p>\n<div class=\"portfolio_info_wrapper\">\n<div class=\"portfolio_info_content\">\n<h3>Cozumel<\/h3>\n<\/div>\n<\/div>\n<\/div>\n<\/div>\n<div class=\"element grid center classic4_cols animated4\">\n<div class=\"one_fourth gallery4 grid static filterable portfolio_type themeborder\" style=\"background-image:url(https:\/\/mexitrips.com\/wp-content\/uploads\/2023\/05\/ISLA-MUJERES-MUELLE-Y-HOTEL-700x466.jpg);\">\n<div class=\"ppb_background_overlay light\"><\/div>\n<p><a class=\"tour_image\" href=\"https:\/\/mexitrips.com\/index.php\/destination\/isla-mujeres\/\"><\/a><\/p>\n<div class=\"portfolio_info_wrapper\">\n<div class=\"portfolio_info_content\">\n<h3>Isla Mujeres<\/h3>\n<\/div>\n<\/div>\n<\/div>\n<\/div>\n<div class=\"element grid center classic4_cols animated5\">\n<div class=\"one_fourth gallery4 grid static filterable portfolio_type themeborder\" style=\"background-image:url(https:\/\/mexitrips.com\/wp-content\/uploads\/2023\/05\/NADO-CON-DELFINES-700x466.jpg);\">\n<div class=\"ppb_background_overlay light\"><\/div>\n<p><a class=\"tour_image\" href=\"https:\/\/mexitrips.com\/index.php\/destination\/nado-con-delfines\/\"><\/a><\/p>\n<div class=\"portfolio_info_wrapper\">\n<div class=\"portfolio_info_content\">\n<h3>Nado con Delfines<\/h3>\n<\/div>\n<\/div>\n<\/div>\n<\/div>\n<div class=\"element grid center classic4_cols double_size animated6\">\n<div class=\"one_fourth gallery4 double_size grid static filterable portfolio_type themeborder\" style=\"background-image:url(https:\/\/mexitrips.com\/wp-content\/uploads\/2023\/06\/pexels-tellez-erik-12747153-960x636.jpg);\">\n<div class=\"ppb_background_overlay light\"><\/div>\n<p><a class=\"tour_image\" href=\"https:\/\/mexitrips.com\/index.php\/destination\/cancun\/\"><\/a><\/p>\n<div class=\"portfolio_info_wrapper\">\n<div class=\"portfolio_info_content\">\n<h3>Canc\u00fan<\/h3>\n<\/div>\n<\/div>\n<\/div>\n<\/div>\n<div class=\"element grid center classic4_cols double_size animated7\">\n<div class=\"one_fourth gallery4 double_size grid static filterable portfolio_type themeborder\" style=\"background-image:url(https:\/\/mexitrips.com\/wp-content\/uploads\/2023\/05\/pexels-ivon-gorgonio-3720115-960x636.jpg);\">\n<div class=\"ppb_background_overlay light\"><\/div>\n<p><a class=\"tour_image\" href=\"https:\/\/mexitrips.com\/index.php\/destination\/cdmx\/\"><\/a><\/p>\n<div class=\"portfolio_info_wrapper\">\n<div class=\"portfolio_info_content\">\n<h3>CDMX<\/h3>\n<\/div>\n<\/div>\n<\/div>\n<\/div>\n<div class=\"element grid center classic4_cols animated8\">\n<div class=\"one_fourth gallery4 grid static filterable portfolio_type themeborder\" style=\"background-image:url(https:\/\/mexitrips.com\/wp-content\/uploads\/2023\/05\/pexels-mikhail-nilov-6942660-700x466.jpg);\">\n<div class=\"ppb_background_overlay light\"><\/div>\n<p><a class=\"tour_image\" href=\"https:\/\/mexitrips.com\/index.php\/destination\/oaxaca\/\"><\/a><\/p>\n<div class=\"portfolio_info_wrapper\">\n<div class=\"portfolio_info_content\">\n<h3>Oaxaca<\/h3>\n<\/div>\n<\/div>\n<\/div>\n<\/div>\n<div class=\"element grid center classic4_cols animated9\">\n<div class=\"one_fourth gallery4 grid static filterable portfolio_type themeborder\" style=\"background-image:url(https:\/\/mexitrips.com\/wp-content\/uploads\/2023\/05\/pedro-lastra-8gJqRaAaKx4-unsplash-700x466.jpg);\">\n<div class=\"ppb_background_overlay light\"><\/div>\n<p><a class=\"tour_image\" href=\"https:\/\/mexitrips.com\/index.php\/destination\/puebla\/\"><\/a><\/p>\n<div class=\"portfolio_info_wrapper\">\n<div class=\"portfolio_info_content\">\n<h3>Puebla<\/h3>\n<\/div>\n<\/div>\n<\/div>\n<\/div>\n<\/div>\n<\/div>\n<\/div>\n<\/div>\n<div  class=\"one withsmallpadding ppb_text\" style=\"padding-bottom:0px !important;text-align:center;padding:30px 0 30px 0;\" >\n<div class=\"standard_wrapper\">\n<div class=\"page_content_wrapper\">\n<div class=\"inner\">\n<div style=\"margin:auto;width:80%\">\n<h2>\u201cCada momento y cada acontecimiento en <span style=\"color:#1C58F6;\">a vida de cada hombre<\/span> en la tierra siembra algo en su alma\u201d<\/h2>\n<\/div>\n<\/div>\n<\/div>\n<\/div>\n<\/div>\n<div  class=\"one withsmallpadding ppb_text\" style=\"padding-top:20px !important;text-align:center;padding:80px 0 80px 0;margin-top:-20px;\" >\n<div class=\"standard_wrapper\">\n<div class=\"page_content_wrapper\">\n<div class=\"inner\">\n<div style=\"margin:auto;width:40%\"><script>(function() {\n\twindow.mc4wp = window.mc4wp || {\n\t\tlisteners: [],\n\t\tforms: {\n\t\t\ton: function(evt, cb) {\n\t\t\t\twindow.mc4wp.listeners.push(\n\t\t\t\t\t{\n\t\t\t\t\t\tevent   : evt,\n\t\t\t\t\t\tcallback: cb\n\t\t\t\t\t}\n\t\t\t\t);\n\t\t\t}\n\t\t}\n\t}\n})();\n<\/script><!-- Mailchimp for WordPress v4.9.4 - https:\/\/wordpress.org\/plugins\/mailchimp-for-wp\/ --><\/p>\n<form id=\"mc4wp-form-1\" class=\"mc4wp-form mc4wp-form-3083\" method=\"post\" data-id=\"3083\" data-name=\"Newsletter\" >\n<div class=\"mc4wp-form-fields\"><input type=\"email\" name=\"EMAIL\" placeholder=\"Your Email Address\" required \/><br \/>\n<br \/>\n<input type=\"submit\" value=\"Subscribe\" \/><\/div>\n<p><label style=\"display: none !important;\">Leave this field empty if you&#8217;re human: <input type=\"text\" name=\"_mc4wp_honeypot\" value=\"\" tabindex=\"-1\" autocomplete=\"off\" \/><\/label><input type=\"hidden\" name=\"_mc4wp_timestamp\" value=\"1741272395\" \/><input type=\"hidden\" name=\"_mc4wp_form_id\" value=\"3083\" \/><input type=\"hidden\" name=\"_mc4wp_form_element_id\" value=\"mc4wp-form-1\" \/><\/p>\n<div class=\"mc4wp-response\"><\/div>\n<\/form>\n<p><!-- \/ Mailchimp for WordPress Plugin -->\n<\/div>\n<\/div>\n<\/div>\n<\/div>\n<\/div>\n<div  class=\"parallax \" style=\"background-image: url(https:\/\/mexitrips.com\/wp-content\/uploads\/2023\/05\/pexels-omar-zetina-12168652-1-scaled.jpg);height:80vh; \"><\/div>\n<div  class=\"one withsmallpadding ppb_header \" style=\"padding-bottom: 0px !important;text-align:left;padding:60px 0 60px 0;\" >\n<div class=\"standard_wrapper\">\n<div class=\"page_content_wrapper\">\n<div class=\"inner\">\n<div style=\"margin:auto;width:100%\">\n<h2 class=\"ppb_title\" style=\"\">Rese\u00f1as<\/h2>\n<div class=\"page_tagline\" style=\"\">Descubre tus pr\u00f3ximos lugares y experiencias.<\/div>\n<\/div>\n<\/div>\n<\/div>\n<\/div>\n<\/div>\n<div  class=\"one withsmallpadding ppb_testimonial_column\" style=\"padding-bottom: 10px !important;\" >\n<div class=\"standard_wrapper\">\n<div class=\"page_content_wrapper\">\n<div class=\"inner\">\n<div class=\"testimonial_wrapper\">\n<div class=\"one_third testimonial_column_element animated1 \">\n<div class=\"testimonial_content\">&#8220;<em>Vivamus aliquet felis eu diam ultricies<\/em> congue. Morbi porta lorem nec consectetur porta. Sed quis dui elit. Pellentesque habitant morbi tristique senectus et netus et male Sed vestibulum orci&#8221;<\/p>\n<div class=\"testimonial_customer\">\n<h6 >Mark Anthony<\/h6>\n<div class=\"testimonial_customer_position\" >CEO<\/div>\n<p>&#8211;<\/p>\n<div class=\"testimonial_customer_company\"><a href=\"#\" target=\"_blank\" rel=\"noopener\">WikiMedia<\/a><\/div>\n<\/div>\n<\/div>\n<\/div>\n<div class=\"one_third testimonial_column_element animated2 \">\n<div class=\"testimonial_content\">&#8220;Pellentesque habitant morbi tristique senectus et netus et malesuada fames ac turpis egestas. <em>Sed vestibulum orci quam. Pellentesque<\/em> habitant morbi tristique senectus et netus et male.&#8221;<\/p>\n<div class=\"testimonial_customer\">\n<h6 >Christina Hardy<\/h6>\n<div class=\"testimonial_customer_position\" >Marketing Manager<\/div>\n<p>&#8211;<\/p>\n<div class=\"testimonial_customer_company\"><a href=\"#\" target=\"_blank\" rel=\"noopener\">Red Inc.<\/a><\/div>\n<\/div>\n<\/div>\n<\/div>\n<div class=\"one_third testimonial_column_element animated3 last\">\n<div class=\"testimonial_content\">&#8220;In enim justo, rhoncus ut, <em>imperdiet a, venenatis vitae<\/em>, justo. Nullam dictum felis eu pede mollis pretium. Pellentesque habitant morbi tristique senectus et netus et male.&#8221;<\/p>\n<div class=\"testimonial_customer\">\n<h6 >Jane Bennett<\/h6>\n<div class=\"testimonial_customer_position\" >Developer<\/div>\n<p>&#8211;<\/p>\n<div class=\"testimonial_customer_company\"><a href=\"#\" target=\"_blank\" rel=\"noopener\">Hubboard Media<\/a><\/div>\n<\/div>\n<\/div>\n<\/div>\n<\/div>\n<\/div>\n<\/div>\n<\/div>\n<\/div>\n<div  class=\"one withsmallpadding ppb_text\" style=\"text-align:center;padding:0px 0 0px 0;\" >\n<div class=\"standard_wrapper\">\n<div class=\"page_content_wrapper\">\n<div class=\"inner\">\n<div style=\"margin:auto;width:100%\">\n<p><img decoding=\"async\" loading=\"lazy\" class=\"aligncenter wp-image-3080 size-full\" src=\"http:\/\/themes.themegoods.com\/grandtour\/demo2\/wp-content\/uploads\/2017\/07\/awards.png\" alt=\"\" width=\"783\" height=\"200\" \/><\/p>\n<h3>Habla con nuestros expertos 1-800-453-6744<\/h3>\n<\/div>\n<\/div>\n<\/div>\n<\/div>\n<\/div>\n<div  class=\"one ppb_image_fullwidth\" style=\"padding:0px 0 0px 0;\" >\n<div class=\"one withbg\" style=\"background-image:url(https:\/\/mexitrips.com\/wp-content\/uploads\/2023\/05\/pexels-asad-photo-maldives-11434425-scaled.jpg);background-size:cover;background-position:center center;height:610px;position:relative;\"><\/div>\n<\/div>\n","protected":false},"excerpt":{"rendered":"<p>Any MonthJanuaryFebruaryMarchAprilMayJuneJulyAugustSeptemberOctoberNovemberDecember Sort By DatePrice Low to HighPrice High to LowSort By NameSort By PopularitySort By Review Score All CategoriesMountainRuralSnow &amp; IceWildlife Any DestinationsCanc\u00fanCDMXCozumelIsla MujeresNado con DelfinesOaxacaPueblaRiviera MayaYucat\u00e1n $ Advanced Search Riviera Maya Yucat\u00e1n Cozumel Isla Mujeres Nado con Delfines [&hellip;]<\/p>\n","protected":false},"author":1,"featured_media":0,"parent":0,"menu_order":0,"comment_status":"closed","ping_status":"closed","template":"","meta":{"_mi_skip_tracking":false},"aioseo_notices":[],"_links":{"self":[{"href":"https:\/\/mexitrips.com\/index.php\/wp-json\/wp\/v2\/pages\/3855"}],"collection":[{"href":"https:\/\/mexitrips.com\/index.php\/wp-json\/wp\/v2\/pages"}],"about":[{"href":"https:\/\/mexitrips.com\/index.php\/wp-json\/wp\/v2\/types\/page"}],"author":[{"embeddable":true,"href":"https:\/\/mexitrips.com\/index.php\/wp-json\/wp\/v2\/users\/1"}],"replies":[{"embeddable":true,"href":"https:\/\/mexitrips.com\/index.php\/wp-json\/wp\/v2\/comments?post=3855"}],"version-history":[{"count":23,"href":"https:\/\/mexitrips.com\/index.php\/wp-json\/wp\/v2\/pages\/3855\/revisions"}],"predecessor-version":[{"id":4491,"href":"https:\/\/mexitrips.com\/index.php\/wp-json\/wp\/v2\/pages\/3855\/revisions\/4491"}],"wp:attachment":[{"href":"https:\/\/mexitrips.com\/index.php\/wp-json\/wp\/v2\/media?parent=3855"}],"curies":[{"name":"wp","href":"https:\/\/api.w.org\/{rel}","templated":true}]}}